{"id":5,"date":"2013-03-18T00:21:13","date_gmt":"2013-03-17T23:21:13","guid":{"rendered":"http:\/\/taxmanagement.hu\/?page_id=5"},"modified":"2013-03-18T00:58:42","modified_gmt":"2013-03-17T23:58:42","slug":"kezdolap","status":"publish","type":"page","link":"https:\/\/taxmanagement.hu\/","title":{"rendered":""},"content":{"rendered":"<p>A\u00a0<strong>Tax Management Kft.<\/strong>\u00a0f\u00fcggetlen sz\u00e1mviteli-, p\u00e9nz\u00fcgyi szolg\u00e1ltat\u00f3 v\u00e1llalkoz\u00e1s, amely<\/p>\n<p>&#8211; mag\u00e1nszem\u00e9lyek,<br \/>\n&#8211; valamint mikro-, kis- \u00e9s k\u00f6zepes v\u00e1llalkoz\u00e1sok r\u00e9sz\u00e9re<\/p>\n<p>\u2022 k\u00f6nyvel\u0151i<br \/>\n\u2022 b\u00e9rsz\u00e1mfejt\u0151i<br \/>\n\u2022 ad\u00f3tan\u00e1csad\u00f3i<br \/>\n\u2022 \u00fcgyviteli<br \/>\n\u2022 ingatlan \u00fczemeltet\u00e9si<br \/>\n\u2022 p\u00e9nz\u00fcgyi \u00e9s sz\u00e1mviteli<br \/>\n\u2022 egyedi p\u00e9nz\u00fcgyi tan\u00e1csad\u00e1si<\/p>\n<p>szolg\u00e1ltat\u00e1sok sz\u00e9les k\u00f6r\u00e9t ny\u00fajtja.<\/p>\n<p>Munkat\u00e1rsaink \u00e9s partnereink sok \u00e9ves p\u00e9nz\u00fcgyi, tan\u00e1csad\u00e1si \u00e9s sz\u00e1mviteli szakmai tapasztalattal rendelkeznek a p\u00e9nz\u00fcgyi \u00e9s v\u00e1llalati szektorban.<\/p>\n<p>C\u00e9g\u00fcnk c\u00e9lja az, hogy \u00fcgyfelei sz\u00e1m\u00e1ra az alapszint\u0171 k\u00f6nyvel\u00e9si szolg\u00e1ltat\u00e1st\u00f3l kezdve a komplex p\u00e9nz\u00fcgyi tan\u00e1csad\u00e1sig magas sz\u00ednvonal\u00fa \u00e9s szakmailag megb\u00edzhat\u00f3 szolg\u00e1ltat\u00e1sok sz\u00e9les sk\u00e1l\u00e1j\u00e1t ny\u00fajtsa.<\/p>\n","protected":false},"excerpt":{"rendered":"<p>A\u00a0Tax Management Kft.\u00a0f\u00fcggetlen sz\u00e1mviteli-, p\u00e9nz\u00fcgyi szolg\u00e1ltat\u00f3 v\u00e1llalkoz\u00e1s, amely &#8211; mag\u00e1nszem\u00e9lyek, &#8211; valamint mikro-, kis- \u00e9s k\u00f6zepes v\u00e1llalkoz\u00e1sok r\u00e9sz\u00e9re \u2022 k\u00f6nyvel\u0151i \u2022 b\u00e9rsz\u00e1mfejt\u0151i \u2022 ad\u00f3tan\u00e1csad\u00f3i \u2022 \u00fcgyviteli \u2022 ingatlan \u00fczemeltet\u00e9si \u2022 p\u00e9nz\u00fcgyi \u00e9s sz\u00e1mviteli \u2022 egyedi p\u00e9nz\u00fcgyi tan\u00e1csad\u00e1si szolg\u00e1ltat\u00e1sok sz\u00e9les k\u00f6r\u00e9t ny\u00fajtja. Munkat\u00e1rsaink \u00e9s partnereink sok \u00e9ves p\u00e9nz\u00fcgyi, tan\u00e1csad\u00e1si \u00e9s sz\u00e1mviteli szakmai tapasztalattal rendelkeznek a p\u00e9nz\u00fcgyi [&hellip;]<\/p>\n","protected":false},"author":1,"featured_media":0,"parent":0,"menu_order":0,"comment_status":"closed","ping_status":"open","template":"","meta":{"footnotes":""},"_links":{"self":[{"href":"https:\/\/taxmanagement.hu\/index.php?rest_route=\/wp\/v2\/pages\/5"}],"collection":[{"href":"https:\/\/taxmanagement.hu\/index.php?rest_route=\/wp\/v2\/pages"}],"about":[{"href":"https:\/\/taxmanagement.hu\/index.php?rest_route=\/wp\/v2\/types\/page"}],"author":[{"embeddable":true,"href":"https:\/\/taxmanagement.hu\/index.php?rest_route=\/wp\/v2\/users\/1"}],"replies":[{"embeddable":true,"href":"https:\/\/taxmanagement.hu\/index.php?rest_route=%2Fwp%2Fv2%2Fcomments&post=5"}],"version-history":[{"count":5,"href":"https:\/\/taxmanagement.hu\/index.php?rest_route=\/wp\/v2\/pages\/5\/revisions"}],"predecessor-version":[{"id":42,"href":"https:\/\/taxmanagement.hu\/index.php?rest_route=\/wp\/v2\/pages\/5\/revisions\/42"}],"wp:attachment":[{"href":"https:\/\/taxmanagement.hu\/index.php?rest_route=%2Fwp%2Fv2%2Fmedia&parent=5"}],"curies":[{"name":"wp","href":"https:\/\/api.w.org\/{rel}","templated":true}]}}